c) = c**2 - 21*c - 28. Give s(23).
18
Let x(s) = 6*s**2 + 3*s + 1. What is x(-1)?
4
Let v(l) = -l**2 + l - 4. Give v(-2).
-10
Let r(p) = 4*p - 22. Give r(5).
-2
Let x(y) = -y**3 + 10*y**2 - 10*y + 7. What is x(9)?
-2
Let o(f) = 17*f + 4. What is o(-1)?
-13
Let r(q) = 2*q**2 - 15*q + 10. Determine r(7).
3
Let g(k) = -k + 30. Give g(0).
30
Let t(c) = -2*c + 3. What is t(5)?
-7
Let p(t) = -27*t**2 + 4*t + 2. Determine p(-1).
-29
Let r(z) = -z**2 - z + 13. Determine r(6).
-29
Let d(r) = 5*r + 15. Calculate d(7).
50
Let h(p) = 14*p - 106. What is h(7)?
-8
Let v(f) = -7*f + 31. Calculate v(8).
-25
Let s(l) = 2*l**3 - l**2 + 6*l + 7. Calculate s(-1).
-2
Let s(y) = y**3 + 52*y**2 - 53*y + 9. Give s(-53).
9
Let j(r) = r**3 - 6*r**2 - r - 8. Determine j(6).
-14
Let w(o) = -4*o**2 - 28*o - 2. Give w(-6).
22
Let v(h) = 10*h - 56. Determine v(5).
-6
Let h(u) = 6*u + 16. Calculate h(-14).
-68
Let r(s) = s**3 + 7*s**2 - s + 3. Calculate r(-7).
10
Let b(p) = -p**2 - 125*p + 1063. Determine b(8).
-1
Let r(p) = -13*p - 76. Calculate r(-7).
15
Let t(q) = -q**2 + 15*q + 124. Calculate t(-6).
-2
Let k(i) = 6*i + 64. Determine k(-9).
10
Let d(u) = 6*u + 25. Calculate d(-5).
-5
Let t(x) = -2*x**3 - 2*x**2 - 2. Determine t(-3).
34
Let b(o) = -o**3 - 11*o**2 + 12*o - 5. What is b(-12)?
-5
Let z(p) = 4*p**3 + 2*p**2 + 4*p + 3. Determine z(-2).
-29
Let j(q) = -32*q. Determine j(1).
-32
Let h(v) = -v - 9. What is h(5)?
-14
Let w(o) = o**2 - 11*o + 5. Determine w(6).
-25
Let h(c) = -c**3 - 11*c**2 - 12*c - 24. Determine h(-10).
-4
Let o(k) = -k**3 - 14*k**2 - 43*k + 30. Calculate o(-9).
12
Let c(h) = -5*h + 57. Give c(16).
-23
Let w(n) = 2*n**3 + 16*n**2 - 8*n - 5. Calculate w(-9).
-95
Let d(c) = 19*c - 211. Determine d(12).
17
Let v(a) = 4*a - 13. Calculate v(-2).
-21
Let w(h) = 103*h - 309. Determine w(3).
0
Let k(a) = -7*a**2 - 75*a + 32. What is k(-11)?
10
Let t(h) = h**3 + 4*h**2 + 2*h - 6. Calculate t(-3).
-3
Let f(v) = v + 31. Determine f(-10).
21
Let b(p) = p**3 + p**2 + p + 3. What is b(0)?
3
Let g(u) = -u**3 - 4*u**2 + 9*u. What is g(-7)?
84
Let b(m) = m**3 + 8*m**2 + 16*m + 11. Give b(-5).
6
Let p(b) = -10*b + 94. Calculate p(8).
14
Let b(i) = -i**2 + 9*i + 1. Calculate b(13).
-51
Let r(n) = -4*n - 23. Determine r(-5).
-3
Let m(g) = -g**3 - 6*g**2 - 2*g + 11. Give m(-5).
-4
Let w(o) = -12*o + 94. Calculate w(19).
-134
Let h(f) = -16*f**3 - f**2 - 2*f + 3. Calculate h(1).
-16
Let d(h) = h**3 - 6*h**2 + 4*h + 5. Give d(4).
-11
Let m(y) = 11*y - 13. Calculate m(3).
20
Let v(a) = 12*a**2 - 28*a - 19. Calculate v(3).
5
Let j(b) = b**2 - 24*b + 120. Determine j(6).
12
Let f(s) = s**3 - 6*s**2 - 6*s - 2. What is f(7)?
5
Let u(l) = 2*l + 11. Give u(7).
25
Let x(y) = 13*y - 1. Determine x(-4).
-53
Let m(t) = 6*t**3 + 2*t**2 - 1. Calculate m(-1).
-5
Let z(b) = 4*b - 8. Calculate z(8).
24
Let p(w) = -22*w + 167. Give p(6).
35
Let u(c) = -17*c - 1. Give u(1).
-18
Let m(t) = t**3 + 12*t**2 - 13*t - 2. What is m(-13)?
-2
Let u(q) = q**3 - 5*q**2 - q - 12. Give u(6).
18
Let p(z) = -z**2 - 13*z - 18. Calculate p(-12).
-6
Let h(g) = -3*g - 56. What is h(-18)?
-2
Let l(k) = 3*k + 6. Calculate l(2).
12
Let n(u) = u**3 - 7*u**2 + 5*u - 5. Calculate n(6).
-11
Let s(r) = -r**3 + 10*r**2 + 18*r - 15. Give s(11).
62
Let n(v) = -15*v**2 - 179*v + 2. Calculate n(-12).
-10
Let v(u) = -4*u**2 - 136*u + 20. Give v(-34).
20
Let z(s) = s**3 + 15*s**2 + 15*s + 46. Determine z(-14).
32
Let v(d) = d**2 - 11*d + 11. Give v(7).
-17
Let d(j) = -j**3 + 12*j**2 + 22*j - 112. Give d(13).
5
Let s(h) = h**2 - 4*h - 83. Give s(11).
-6
Let x(a) = -a**3 - 10*a**2 - 12*a. Give x(-9).
27
Let t(u) = 3*u**2 + 8*u - 2. What is t(-3)?
1
Let p(l) = 3*l**2 - 6*l + 7. Determine p(3).
16
Let f(n) = n + 37. Calculate f(-37).
0
Let i(f) = f**2 - f - 16. Calculate i(0).
-16
Let s(i) = -i + 5. Give s(8).
-3
Let a(b) = 52*b**2 - b. Give a(-1).
53
Let o(p) = -p**3 - 5*p**2 - 10*p - 6. What is o(-4)?
18
Let j(m) = -m**3 + 2*m + 2. What is j(-1)?
1
Let v(m) = m**2 + 5*m + 2. Give v(-7).
16
Let p(v) = -v**3 + 10*v**2 - 14*v - 8. Calculate p(10).
-148
Let g(y) = -2*y + 30. What is g(21)?
-12
Let g(s) = -s**3 - s**2 - 8*s - 6. What is g(0)?
-6
Let m(k) = -k**3 - 6*k**2 + 3*k - 6. Determine m(-7).
22
Let n(w) = -w**3 - 11*w**2 + 3*w + 15. Give n(-11).
-18
Let n(l) = 6*l - 7. What is n(5)?
23
Let f(a) = -3*a + 8. Give f(-4).
20
Let g(m) = m**3 + 7*m**2 + 8*m + 8. Determine g(-5).
18
Let s(t) = -t**3 - 17*t**2 + t - 8. Give s(-17).
-25
Let a(x) = x**3 - 2*x**2 - x + 5. Calculate a(3).
11
Let n(h) = -h**3 + 22*h**2 - 20*h + 6. Calculate n(21).
27
Let m(k) = -k**2 - 31*k - 55. Give m(-29).
3
Let a(c) = 6*c**2 - 2*c + 1. Give a(2).
21
Let q(r) = -r**2 - r - 7. What is q(6)?
-49
Let w(s) = -s**3 - 9*s**2 - 13*s + 1. Give w(-6).
-29
Let j(g) = -42*g**3 - g**2 + g. Calculate j(1).
-42
Let l(f) = 7*f - 51. Determine l(6).
-9
Let b(p) = -16*p + 50. Give b(3).
2
Let l(x) = 5*x**3 + x**2 + 3. What is l(-2)?
-33
Let n(q) = q**3 + 5*q**2 + q - 6. Give n(-5).
-11
Let h(s) = -s**3 - 9*s**2 - 5*s + 8. Determine h(-8).
-16
Let a(c) = -c**3 - 3*c**2 + 3*c + 4. Give a(3).
-41
Let n(j) = 2*j - 73. Determine n(31).
-11
Let i(f) = -f - 1. Give i(-5).
4
Let m(u) = u**2 - 4*u - 16. What is m(6)?
-4
Let u(y) = -y**3 + 15*y**2 - 15*y + 4. Give u(14).
-10
Let k(s) = s**3 + s**2 - 1. Give k(2).
11
Let d(g) = g**3 + 5*g**2 - 4*g - 5. Determine d(-5).
15
Let s(o) = o - 84. Calculate s(10).
-74
Let q(t) = t**3 + 25. Give q(0).
25
Let v(x) = -14*x**2 - 307*x + 17. Calculate v(-22).
-5
Let g(c) = c**2 - 11*c - 5. What is g(6)?
-35
Let h(x) = -x**3 + 7*x**2 + 14*x - 18. Give h(8).
30
Let t(a) = 7*a + 3. What is t(-5)?
-32
Let f(g) = g**2 - g. Give f(-2).
6
Let k(z) = 24*z - 1. Give k(1).
23
Let c(p) = p**3 + 5*p**2 + 9*p + 5. What is c(-4)?
-15
Let k(h) = -h**2 + 2. Give k(-5).
-23
Let f(i) = 2*i - 6. What is f(0)?
-6
Let v(h) = 43*h + 51. Give v(-6).
-207
Let c(g) = -g**3 + 12*g**2 + 16*g + 2. Determine c(14).
-166
Let q(d) = 57*d + 519. What is q(-9)?
6
Let d(a) = -a**3 + 13*a**2 - 13*a - 101. Determine d(11).
-2
Let z(p) = p**3 + 2*p - 15. Determine z(0).
-15
Let f(x) = -7*x - 22. Give f(-7).
27
Let i(w) = -67*w + 199. Give i(3).
-2
Let l(v) = 3*v**2 + 17*v + 32. Calculate l(-3).
8
Let q(k) = -k**2 + 6*k + 16. What is q(-4)?
-24
Let v(s) = 5*s + 3. What is v(-5)?
-22
Let g(i) = -6*i + 2. What is g(2)?
-10
Let x(k) = -23*k**2 - 2*k. Determine x(-1).
-21
Let k(h) = h**3 - 6*h**2 + 3*h + 3. Calculate k(6).
21
Let g(r) = r**3 + r**2 + r - 1. Calculate g(1).
2
Let s(m) = 2*m**2 - 10*m + 3. Calculate s(7).
31
Let v(b) = -b**3 + 11*b**2 + 12*b - 10. Give v(12).
-10
Let m(t) = -t**3 + 11*t**2 - t + 5. Give m(11).
-6
Let d(v) = -v**3 - 7*v**2 + 13*v + 31. Calculate d(-8).
-9
Let o(y) = -y**2 + 4*y + 17. Give o(7).
-4
Let v(d) = 7*d**2 + 2*d - 3. Calculate v(0).
-3
Let m(h) = -5*h - 42. What is m(7)?
-77
Let t(d) = -d**3 - 4*d**2 + 7*d + 6. Determine t(-5).
-4
Let v(p) = 3*p. Give v(9).
27
Let o(k) = 5*k - 29. Give o(-6).
-59
Let t(z) = 4*z - 17. Determine t(5).
3
Let w(k) = 41*k. Give w(1).
41
Let q(y) = 18*y - 280. Give q(16).
8
Let v(q) = -3*q**3 - q**2 + 5*q. Give v(4).
-188
Let a(v) = -15*v + 12. What is a(0)?
12
Let h(i) = i**2 - 8*i - 9. Calculate h(8).
-9
Let p(j) = -j**2 + 25*j - 87. What is p(21)?
-3
Let t(z) = -4*z**2 + 47*z - 130. Calculate t(8).
-10
Let o(h) = -103*h**3 - 2*h**2 + 2*h - 1. Calculate o(1).
-104
Let i(w) = -2*w**3 - 2*w**2 - 3*w + 12. Determine i(0).
12
Let w(b) = -2*b**2 + 7*b + 6. Give w(7).
-43
Let v(q) = -3*q - 18. Determine v(-6).
0
Let r(z) = 2*z**2 + z + 13. Calculate r(-8).
133
Let z(m) = -m**3 - 13*m**2 + 16*m + 16. Determine z(-14).
-12
Let l(h) = -11*h - 46. What is l(-7)?
31
Let n(m) = 7*m**2 + 136*m + 273. What is n(-2)?
29
Let v(m) = -m**2 + 7*m + 3. What is v(-7)?
-95
Let k(v) = v. Calculate k(-1).
-1
Let y(w) = w**2 - 5*w + 1. Give y(6).
7
Let k(b) = -b**3 + b**2 - 6*b - 8. What is k(-3)?
46
Let x(g) = 99*g - 1197. Give x(12).
-9
Let i(d) = -5*d - 42. What is i(-6)?
-12
Let q(x) = x - 9. Give q(3).
-6
Let j(k) = -k**3 - 14*k**2 + 32*k + 7. Give j(-16).
7
Let b(i) = 11*i - 4. What is b(0)?
-4
Let u(l) = -l**3 + 7*l**2 + 18*l - 2. Determine u(9).
-2
Let b(y) = y**2 - 13*y + 18. Calculate b(11).
-4
Let f(y) = -y**2 + y + 1